et h(j) = -j**3 + 22*j**2 - 56*j - 16. Give h(i).
3
Let c(f) = -7*f + 1. Let q = 323 + -310. Suppose q*h = -2*h + 15. Give c(h).
-6
Let d(z) = 2*z**2 - 24496*z + 91 + 12279*z + 12253*z. Calculate d(-15).
1
Let m(j) be the third derivative of 7*j**4/12 - j**3/6 + 45*j**2 + 6*j. Calculate m(-5).
-71
Let f(u) = -5*u**3 - u + 1. Let h be -1 - (7 + -4) - -10. Let o = h + -4. Suppose 9*y + o - 11 = 0. Give f(y).
-5
Let w be (-3)/(-2) + (-3)/(-6). Let t(i) = -i**3 + 6*i**2 - 2 + w - 3*i. Let o = -230170 + 230175. Calculate t(o).
10
Let n(b) be the second derivative of 1/30*b**5 + 5*b**2 - 1/6*b**4 - 4*b + 0 - 1/3*b**3 + 1/120*b**6. Let x(j) be the first derivative of n(j). Calculate x(-4).
-18
Let l(a) be the first derivative of -a**3/3 + 11*a**2/2 - 17*a - 736. What is l(6)?
13
Let v(y) = 190 + y - 190. Let b(c) = c**3 + 5*c**2 - 23*c + 8. Let t be b(-8). Give v(t).
0
Let x(p) = -p**3 + 4*p**2 + 3*p - 10. Suppose 0 = -68*d + 42*d + 104. Determine x(d).
2
Let v = 3359 - 3366. Let y(o) = -2*o**2 - 19*o - 31. What is y(v)?
4
Let m(b) = -21 - 39*b - 18 + b + 64 - 24. Suppose 7*i = 16*i + 9. Give m(i).
39
Suppose 2*o = 4*o + 14. Let g(v) = -7*v**2 - 44*v - 12. Let l(b) = b**2 + 6*b + 3. Let i(a) = g(a) + 5*l(a). What is i(o)?
3
Suppose x + 25 = -5*r, 0 = -4*r + 9*r + 25. Suppose x = 12*b - 11 - 37. Let t(o) = -o**3 + 4*o**2 + 5*o - 3. What is t(b)?
17
Let m(x) = x**3 + 15*x**2 - 17*x - 34. Let j = 3584 + -3600. Calculate m(j).
-18
Let s(k) = -10*k - 1. Let t be s(-2). Let o = t + -23. Let g(m) = -5*m - 4. Let b(y) = -6*y - 6. Let q(c) = -4*b(c) + 5*g(c). Give q(o).
8
Let w(x) = -x**2 + 5 + 46*x - 26*x - 27*x + 1. Let a be 1 - -1 - (1 + -4). Suppose -a*u - 21 = 2*z, 0*z + u = -4*z - 33. What is w(z)?
-2
Suppose 0 = -5*v + 1051 - 1066. Let f(y) = -y**2 + 4*y + 9. Calculate f(v).
-12
Let a(n) = n - 2. Suppose 0 = -5*z - 17 - 23. Let v(b) = -11*b - 19. Let y(k) = 4*k + 6. Let s(t) = z*y(t) - 3*v(t). Let r be s(-3). Calculate a(r).
4
Let t(b) = 4*b + 78. Let u(z) = z - 11. Let a(h) = -t(h) - 4*u(h). Determine a(-5).
6
Let v(i) = 14*i**3 - 2*i - 1. Let k = 48 + -61. Let h = k - -7. Let n(p) = 2*p**2 + 11*p - 7. Let s be n(h). Calculate v(s).
-13
Let j(y) = y**3 - 6*y**2 + 5*y + 2. Let i be j(5). Let s(c) = -2*c**3 - 24*c + 24*c - i. Let a(p) = p**2 - 1. Let w(m) = a(m) - s(m). Calculate w(2).
21
Let y(a) = a - 6. Let p(h) = -2*h + 54. Suppose 0 = 5*v - 120 + 15. Let w be p(v). Give y(w).
6
Let p(t) be the first derivative of -t**4/4 - 3*t**3 + 5*t**2 - 3*t + 77344. Let m = -35 - -25. Determine p(m).
-3
Let w(c) = -14*c**2 + 3*c**2 + 1 + c + 7*c**2 - 36*c**3 + 5*c**2 - 2*c. What is w(1)?
-35
Let w be ((-21)/35)/((-33)/(-330)). Let i(k) = -10*k - 12. Give i(w).
48
Let l = 3343 + -3338. Let y(q) = -q**2 + 9*q - 11. Determine y(l).
9
Let g(z) = -z**3 + 10*z**2 - 15*z + 8. Let v be (4/(-5))/(2 - -6*(-66)/180). Determine g(v).
44
Let q(o) = o**2 + 13*o - 5. Suppose -2*f = 2*u + 38, -u = -5*f - 10 - 61. Calculate q(f).
25
Suppose -161 = -5*u + 2*d, 12*u + 2*d = 7*u + 169. Let c(y) = 1 + 104*y - 43*y - u*y - 36*y. Determine c(-1).
9
Let m(u) = -u**3 + u**2 + 3*u + 4. Let f(y) = 33*y - 1019. Let q be f(31). Calculate m(q).
-32
Let u(o) = 3*o**2 - 4*o**2 + 5 + 4*o - o. Suppose 8*t + 35*t - 11 = 161. What is u(t)?
1
Let g = -15 + 18. Let t be g - (-1 - (-4)/(-4)). Let i(n) = 8*n - 2 + 3 - 10*n + 3*n + 2. Calculate i(t).
8
Let w(o) be the first derivative of o**3/3 - 2*o**2 - 2*o - 6. Suppose 0 = -4*p + 15 - 15. Suppose p = 3*s + b - 12, -2*s = 3*s - 5*b. Give w(s).
-5
Let i(n) = -n**2 + 13*n + 79. Let g be (-1)/(-2*10/4) + 63/(-15). Give i(g).
11
Let x = 254 + -481. Let k = x - -223. Let o(h) = -h**3 - 3*h**2 + 3*h + 5. Determine o(k).
9
Suppose -2*v = x + 297, 5*v = 3*v + 5*x - 291. Let q = 155 + v. Let g(k) = -k**2 + 1 + 3 + 9*k - 4*k. Calculate g(q).
-10
Let d = 56 - 59. Let n(p) = 4*p + 1. Let m(b) = 8*b + 2. Let v(l) = d*m(l) + 5*n(l). Determine v(-4).
15
Let k(g) = 1485*g + 174 - 717*g - 707*g. Determine k(-3).
-9
Suppose 3*c + 3*k - 24 = 0, -16*k + 19*k + 15 = 0. Let p(s) = -10*s + 136. What is p(c)?
6
Let k = 23 - 23. Let f(a) = -2*a**2 + k*a**2 - 5*a + a**2 - 9 + 0. Let g be f(-4). Let u(w) = -w**3 - 5*w**2 - w - 2. Determine u(g).
3
Let c(s) = -578924*s + 3 + 578959*s - 4*s**2 - 1. Give c(9).
-7
Suppose 4*x + 2*o = -2, -3*x - 2*o = -3 + 2. Let q(l) = -7*l. What is q(x)?
21
Let a = -5606 + 5610. Let w(h) = -9*h + 28. What is w(a)?
-8
Suppose -n + 4 = -2*t + 10, 5*t - 3*n = 14. Let a(u) = -u + 3. Let x be (-5)/2*(-102)/85. Let o(h) = h - 3. Let b(j) = t*o(j) + x*a(j). What is b(3)?
0
Let r = -1294 + 1310. Let g(l) = -3*l + 60. Give g(r).
12
Suppose -4*f - 36 = 4*z, 11*f - 14*f - 27 = -2*z. Let q(g) = -16*g - 146. What is q(f)?
-2
Let r(s) = s - 7 + 2 - 1. Let i(v) = -2*v**2 - 4*v - 2. Let f be i(-2). Let u(c) = -6. Let o(x) = f*r(x) + 3*u(x). Determine o(5).
-16
Let f = 168 - 160. Let y be ((-56)/f - -12)/(1*-1). Let r(o) = -o**2 - 8*o - 4. Determine r(y).
11
Let q(h) = -h**2 - 5*h + 6. Let c(j) = 1. Let p(x) = 4*x - 16. Let u(s) = 3*c(s) + p(s). Suppose -26*m = -5 - 47. Let y be u(m). Give q(y).
6
Let b be -24*8/80*(-30)/(-12). Let t(l) = 3*l**2 + 2*l - 1. What is t(b)?
95
Let m(h) be the first derivative of 9*h**2 + 62*h + 152. Give m(-3).
8
Let a(t) = 44*t - 9907 - 41*t + 9925. Calculate a(-7).
-3
Let o(m) = -27*m**3 - 57*m**2 + 2*m - 91. Let i(b) = -4*b**3 - 8*b**2 - 13. Let r(f) = 20*i(f) - 3*o(f). Give r(-12).
-59
Let m(k) = 898*k + 1798. Let l be m(-2). Let a(y) = 33*y - 59. Calculate a(l).
7
Let a(u) = -3*u + 7. Let k(x) be the third derivative of 1/120*x**6 + 5/12*x**4 + 0*x + 1/6*x**5 + 0 - 35*x**2 + 7/3*x**3. Let t be k(-9). What is a(t)?
-8
Let f(p) = 7*p**2 - 6*p + 5. Let v(z) = z**3 - 6*z**2 + 5*z - 4. Let t(h) = -3*f(h) - 4*v(h). Let o be t(2). Let m = -25 - o. Let w(b) = b - 2. What is w(m)?
-4
Let w(x) = 3*x - 1156 - 1151 + 3454 - 1147. Let c be (-61)/9 + (-12)/54. What is w(c)?
-21
Suppose -220*w + 180*w - 971 = -51. Let a(c) = -c**2 - 33*c - 217. What is a(w)?
13
Let k(u) = -u**3 + 3*u**2 + 9*u + 7. Suppose -5*q = -4*x + 50, -4*x + 32 = -18*q + 16*q. Give k(x).
2
Let j(k) = -2836*k + 8 + 1410*k + 1424*k. What is j(9)?
-10
Let u(x) = -78*x + 1801. Let a be u(23). Let g(f) = -2*f**2 + 9*f + 9. Calculate g(a).
-26
Let y = -49 - -337. Let h = y - 282. Let f(n) = -n + 11. Give f(h).
5
Let s(k) = 2*k. Let i(y) be the second derivative of y**2/2 - 3*y - 9. Let a(q) = 3*i(q) + 2*s(q). Calculate a(-3).
-9
Let q(y) = -8*y + 11 - y**2 + 0*y**2 - 2*y**2 + 4*y**2 - 2*y**2. Let t = -33 - -23. Calculate q(t).
-9
Let d(w) = -4*w + 101. Let c(b) = -64*b**2 + 1536*b + 24. Let l be c(24). Determine d(l).
5
Let v(r) = -2*r**2 - 2*r + 2. Let z(i) = i**3 - 17*i**2 + 3*i + 6. Let c(s) = -4*v(s) + z(s). Calculate c(8).
22
Suppose -5*u = -3*u, 2*s - 3*u = -68. Let l = s - -43. Let o(m) = m + 1. What is o(l)?
10
Let d(h) be the first derivative of -5/2*h**2 + h + 47. What is d(2)?
-9
Let d(g) = -g**3 + 23*g**2 + 24*g + 5. Let w = 86 - 62. Give d(w).
5
Let u(o) be the first derivative of -2*o**3/3 + 5*o**2/2 + 47*o + 5257. Calculate u(0).
47
Let h(a) = -5*a**3 + 4*a**2 - 31*a + 21. Let v(j) = j**3 - j**2 + 6*j - 4. Let u = -1 - 1. Let d = -1211 + 1200. Let x(m) = d*v(m) + u*h(m). Give x(2).
-2
Let z(m) be the first derivative of 2*m**3 + m**3 - 22 + 53 + 44. Give z(1).
9
Let g(x) be the first derivative of x**2 - 3*x - 1. Let d(s) = s**3 - 7*s**2 + 14*s - 25. Let v be d(7). Suppose v*j - 160 = -14. Give g(j).
1
Let c(b) be the first derivative of -2*b**3/3 + 4*b**2 - 9*b + 700. What is c(4)?
-9
Let c(w) be the first derivative of -16*w**2 - 138*w + 3620. Calculate c(-4).
-10
Let n(s) = -2*s - 1. Let r(z) be the first derivative of -5*z**2/2 + 17*z - 47. Let f be r(2). Give n(f).
-15
Let u(h) = h**3 + 22*h**2 + h + 35. Let q be 33*126/36*(-8)/42. What is u(q)?
13
Let h = 801 + -809. Let n be (-58)/10 - (18 + h)/50. Let i(f) = -f**3 - 8*f**2 - 10*f + 8. Calculate i(n).
-4
Let v(m) = -32*m**2 - 18*m + 16. Let q(n) = 38*n**2 + 17*n - 15. Let k(a) = -5*q(a) - 6*v(a). What is k(-12)?
-9
Let d(a) = -71*a + a**2 + 264*a - 121*a - 2 - 73*a. Calculate d(-5).
28
Let m(n) be the second derivative of -n**5/20 + 5*n**4/12 - 7*n**3/6 + 3*n**2 - 302*n. Let o be 28/6 + 8/(-12). Dete